{"id":3,"date":"2021-05-13T20:23:03","date_gmt":"2021-05-13T20:23:03","guid":{"rendered":"https:\/\/homologa.ufpr.br\/lgpd\/\/?page=3"},"modified":"2024-10-25T15:29:23","modified_gmt":"2024-10-25T18:29:23","slug":"lgpd-na-ufpr","status":"publish","type":"page","link":"https:\/\/homologa.ufpr.br\/lgpd\/lgpd-na-ufpr\/","title":{"rendered":"LGPD na UFPR"},"content":{"rendered":"\n<p>Entrou em vigor, em agosto\/2020, a Lei Geral de Prote\u00e7\u00e3o de Dados Pessoais \u2013 LGPD (<a href=\"http:\/\/www.planalto.gov.br\/ccivil_03\/_ato2015-2018\/2018\/Lei\/L13709.htm\" target=\"_blank\" rel=\"noreferrer noopener\">Lei 13709\/2018<\/a>), com o intuito de garantir a prote\u00e7\u00e3o de dados pessoais de todo cidad\u00e3o em territ\u00f3rio nacional. Todas as institui\u00e7\u00f5es, p\u00fablicas ou privadas, devem se adequar para atender aos requisitos da Lei.<\/p>\n\n\n\n<p>A abrang\u00eancia da LGPD aplica-se a toda a pessoa natural ou jur\u00eddica, de direito p\u00fablico ou privado, que realiza opera\u00e7\u00f5es de tratamento de dados pessoais desde que:<\/p>\n\n\n\n<ol class=\"wp-block-list\">\n<li>a opera\u00e7\u00e3o de tratamento seja realizada no territ\u00f3rio nacional;<\/li>\n\n\n\n<li>a atividade de tratamento tenha por objetivo a oferta ou o fornecimento de bens ou servi\u00e7os ou o tratamento de dados de indiv\u00edduos localizados no territ\u00f3rio nacional; ou<\/li>\n\n\n\n<li>os dados pessoais objeto do tratamento tenham sido coletados no territ\u00f3rio nacional.<\/li>\n<\/ol>\n\n\n\n<p><strong>Encarregado de Prote\u00e7\u00e3o de Dados Pessoais (DPO)<br><\/strong><em>Nomeado pela Portaria 549\/reitoria, de 22\/07\/21<\/em><br>Prof. Luis Fernando Lopes Pereira \u2013 Telefones (41)&nbsp;3310-2610 ou 3310-2611<br><a rel=\"noreferrer noopener\" href=\"mailto:sic@ufpr.br\" target=\"_blank\">sic@ufpr.br<\/a><\/p>\n\n\n\n<p>Pr\u00e9dio Hist\u00f3rico \u2013 Pra\u00e7a Santos Andrade, 50<br>Andar T\u00e9rreo (Acesso pela Rua XV de Novembro)<br>Curitiba \u2013 PR \u2013 CEP 80020-300<\/p>\n\n\n\n<p><strong>Subcomit\u00ea de Seguran\u00e7a da Informa\u00e7\u00e3o e Privacidade<\/strong><\/p>\n\n\n\n<p>Conforme processo SEI n\u00ba 23075.029915\/2021-61, \u00e9 o comit\u00ea institu\u00eddo pela <a href=\"https:\/\/boletim.sigepe.gov.br\/publicacao\/detalhar\/168761\" target=\"_blank\" rel=\"noreferrer noopener\">Portaria 161\/2023<\/a> e cuja composi\u00e7\u00e3o foi dada pela <a href=\"https:\/\/boletim.sigepe.gov.br\/publicacao\/detalhar\/240083\" target=\"_blank\" rel=\"noreferrer noopener\">Portaria 102\/2024<\/a> . Entre suas atribui\u00e7\u00f5es est\u00e3o as de discutir, al\u00e9m de quest\u00f5es de Seguran\u00e7a da Informa\u00e7\u00e3o, o processo de adequa\u00e7\u00e3o da Universidade \u00e0 LGPD Seus membros s\u00e3o os seguintes:<\/p>\n\n\n\n<p>VALMIR ANTUNES PEREIRA &#8211; 1526015 (Coordenador\/Gestor de Seguran\u00e7a da Informa\u00e7\u00e3o)<\/p>\n\n\n\n<p>LEONARDO GOMES DE MELO &#8211; 2643448 (Vice-Coordenador)<\/p>\n\n\n\n<p>MARCELO MASSARELLI MAITAN &#8211; 3063459<\/p>\n\n\n\n<p>GUSTAVO DE BRITO DOS SANTOS &#8211; 1111747<\/p>\n\n\n\n<p>ELIAS SEBASTIAO TORRES DA SILVA &#8211; 1755143<\/p>\n\n\n\n<p>RAFAELA MANTOVANI FONTANA &#8211; 2570317<\/p>\n\n\n\n<p>SILVANA MARIA CARBONERA &#8211; 1718393<\/p>\n\n\n\n<p>EDMAR ALMEIDA DE MACEDO &#8211; 2516593<\/p>\n\n\n\n<p>MARCELA GARCIA &#8211; 1121136<\/p>\n\n\n\n<p>EDILSON RAFAEL RODRIGUES &#8211; 3120070<\/p>\n\n\n\n<p>FERNANDO SURECK LEAL &#8211; 2194014<\/p>\n\n\n\n<p>ELIANE DE OLIVEIRA DIAS &#8211; 1455659<\/p>\n\n\n\n<p>ALEXANDRA DANTAS ROEDER WISNIEWSKI &#8211; 1134825<\/p>\n\n\n\n<p>CRISTIANE SUCHESKI CONTIN &#8211; 1736966<\/p>\n\n\n\n<p>LUCAS HENRIQUE GON\u00c7ALVES &#8211; 1828141<\/p>\n\n\n\n<p>THIAGO LIMA BREUS &#8211; 3728321<\/p>\n\n\n\n<p>LUIS FERNANDO LOPES PEREIRA &#8211; 1544421 (Encarregado de Prote\u00e7\u00e3o de Dados Pessoais)<\/p>\n\n\n\n<p>EDUARDO SALAMUNI &#8211; 1169926 (Representante da Gest\u00e3o)<\/p>\n\n\n\n<p>MARCUS VINICIUS LEMOS DO PRADO &#8211; 6344214<\/p>\n\n\n\n<p>LUCIANE MIALIK WAGNITZ LINCZUK &#8211; 1257070<\/p>\n\n\n\n<p>SUELI EMIKO OYAMA &#8211; 2212894<\/p>\n\n\n\n<p><strong>Canal de Atendimento \u00e0s demandas da LGPD<\/strong><br>Se voc\u00ea \u00e9 o titular e deseja abrir uma demanda sobre seus dados pessoais, primeiramente leia nossa p\u00e1gina de <a href=\"https:\/\/homologa.ufpr.br\/lgpd\/faq\/\" title=\"\">perguntas frequentes<\/a>. Em seguida, consulte a p\u00e1gina de <a href=\"https:\/\/homologa.ufpr.br\/lgpd\/direitos-do-titular\/\" title=\"\">direitos do titular<\/a>.<\/p>\n","protected":false},"excerpt":{"rendered":"<p>Entrou em vigor, em agosto\/2020, a Lei Geral de Prote\u00e7\u00e3o de Dados Pessoais \u2013 LGPD (Lei 13709\/2018), com o intuito de garantir a prote\u00e7\u00e3o de dados pessoais de todo cidad\u00e3o em territ\u00f3rio nacional. Todas as institui\u00e7\u00f5es, p\u00fablicas ou privadas, devem se adequar para atender aos requisitos da Lei. A abrang\u00eancia da LGPD aplica-se a toda [&hellip;]<\/p>\n","protected":false},"author":8,"featured_media":0,"parent":0,"menu_order":0,"comment_status":"closed","ping_status":"closed","template":"","meta":{"footnotes":""},"class_list":["post-3","page","type-page","status-publish","hentry"],"_links":{"self":[{"href":"https:\/\/homologa.ufpr.br\/lgpd\/wp-json\/wp\/v2\/pages\/3","targetHints":{"allow":["GET"]}}],"collection":[{"href":"https:\/\/homologa.ufpr.br\/lgpd\/wp-json\/wp\/v2\/pages"}],"about":[{"href":"https:\/\/homologa.ufpr.br\/lgpd\/wp-json\/wp\/v2\/types\/page"}],"author":[{"embeddable":true,"href":"https:\/\/homologa.ufpr.br\/lgpd\/wp-json\/wp\/v2\/users\/8"}],"replies":[{"embeddable":true,"href":"https:\/\/homologa.ufpr.br\/lgpd\/wp-json\/wp\/v2\/comments?post=3"}],"version-history":[{"count":1,"href":"https:\/\/homologa.ufpr.br\/lgpd\/wp-json\/wp\/v2\/pages\/3\/revisions"}],"predecessor-version":[{"id":129,"href":"https:\/\/homologa.ufpr.br\/lgpd\/wp-json\/wp\/v2\/pages\/3\/revisions\/129"}],"wp:attachment":[{"href":"https:\/\/homologa.ufpr.br\/lgpd\/wp-json\/wp\/v2\/media?parent=3"}],"curies":[{"name":"wp","href":"https:\/\/api.w.org\/{rel}","templated":true}]}}