{"id":142,"date":"2024-08-06T14:44:28","date_gmt":"2024-08-06T17:44:28","guid":{"rendered":"https:\/\/homologa.ufpr.br\/agtic\/\/?page=142"},"modified":"2024-09-27T15:58:50","modified_gmt":"2024-09-27T18:58:50","slug":"unidades","status":"publish","type":"page","link":"https:\/\/homologa.ufpr.br\/agtic\/unidades\/","title":{"rendered":"Unidades"},"content":{"rendered":"\n<div class=\"wp-block-columns is-layout-flex wp-container-core-columns-is-layout-1 wp-block-columns-is-layout-flex\">\n<div class=\"wp-block-column has-background is-layout-flow wp-block-column-is-layout-flow\" style=\"background-color:#ecf5fa\">\n<p><strong><span style=\"text-decoration: underline\">Diretoria Executiva<\/span><\/strong><\/p>\n\n\n\n<p>A&nbsp;<strong>Diretoria Executiva da AGTIC<\/strong>&nbsp;\u00e9 respons\u00e1vel por promover o planejamento, o desenvolvimento, a execu\u00e7\u00e3o, o monitoramento e o controle das atividades de TIC da UFPR, gerindo os recursos or\u00e7ament\u00e1rios e financeiros da Ag\u00eancia e representando-a tanto em comit\u00eas quanto em eventos, \u00f3rg\u00e3os e situa\u00e7\u00f5es que tenham a TIC como objeto principal. \u00c9 tamb\u00e9m de sua responsabilidade, entre outras, realizar a interface com as demais unidades administrativas e acad\u00eamicas da Universidade no tocante \u00e0 TIC, participando da elabora\u00e7\u00e3o do PDTIC da UFPR (zelando pelo alinhamento estrat\u00e9gico entre a legisla\u00e7\u00e3o vigente e as pol\u00edticas de gest\u00e3o), planejando e gerenciando a adequa\u00e7\u00e3o dos recursos de TIC \u00e0s necessidades da Institui\u00e7\u00e3o.<\/p>\n\n\n\n<p>O detalhamento das atribui\u00e7\u00f5es e demais&nbsp; finalidades sob a responsabilidade da Diretoria Executiva est\u00e1 dispon\u00edvel na&nbsp;<a href=\"https:\/\/homologa.ufpr.br\/agtic\/wp-content\/uploads\/sites\/5\/2024\/08\/resolucao-45-19-agtic.pdf\" target=\"_blank\" rel=\"noopener\" title=\"\">Resolu\u00e7\u00e3o 45\/19 COPLAD<\/a>.<\/p>\n\n\n\n<p>Com nomea\u00e7\u00e3o dada pela<strong>&nbsp;<\/strong><a href=\"https:\/\/homologa.ufpr.br\/agtic\/wp-content\/uploads\/sites\/5\/2024\/08\/Portaria-1071_22-FELIPE-SANCHES-BUENO.pdf\" target=\"_blank\" rel=\"noopener\" title=\"Portaria 1071\/R de 13 de setembro de 2022\">Portaria 1071\/R de 13 de setembro de 2022<\/a>, a Dire\u00e7\u00e3o Executiva da AGTIC \u00e9 exercida por&nbsp;<strong>Felipe Sanches Bueno<\/strong>, servidor da UFPR.<\/p>\n\n\n\n<p><strong><span style=\"text-decoration: underline\">Contato<\/span><\/strong>: <a href=\"mailto:agtic@ufpr.br\" target=\"_blank\" rel=\"noopener\" title=\"\">agtic@ufpr.br<\/a><\/p>\n<\/div>\n\n\n\n<div class=\"wp-block-column has-background is-layout-flow wp-block-column-is-layout-flow\" style=\"background-color:#ecf5fa\">\n<p><strong><span style=\"text-decoration: underline\">GovTIC &#8211; Unidade de Seguran\u00e7a, Riscos e Governan\u00e7a de TIC<\/span><\/strong><\/p>\n\n\n\n<p><strong>A GovTIC\u00a0<\/strong>\u00e9 a unidade respons\u00e1vel por assessorar a Diretoria Executiva na promo\u00e7\u00e3o, orienta\u00e7\u00e3o, valida\u00e7\u00e3o e controle de a\u00e7\u00f5es em seguran\u00e7a da informa\u00e7\u00e3o, processos, projetos e riscos, em conformidade com o PDTIC e demais normas aplic\u00e1veis. Dentre as suas principais atribui\u00e7\u00f5es, destacam-se aquelas relacionadas a ado\u00e7\u00e3o de boas pr\u00e1ticas de governan\u00e7a de TIC e \u00e0s pol\u00edticas de seguran\u00e7a da Informa\u00e7\u00e3o.<\/p>\n\n\n\n<p><strong><span style=\"text-decoration: underline\">Contato<\/span><\/strong>: <a href=\"mailto:govtic.agtic@ufpr.br\" target=\"_blank\" rel=\"noopener\" title=\"\">govtic.agtic@ufpr.br<\/a><\/p>\n\n\n\n<hr class=\"wp-block-separator has-alpha-channel-opacity is-style-wide\" \/>\n\n\n\n<p><strong><span style=\"text-decoration: underline\">SAD &#8211; Se\u00e7\u00e3o de Apoio Administrativo e Or\u00e7ament\u00e1rio<\/span><\/strong><\/p>\n\n\n\n<p><strong>A SAD<\/strong>&nbsp;tem por finalidade prestar suporte administrativo e or\u00e7ament\u00e1rio \u00e0 Diretoria Executiva e, subsidiariamente, \u00e0s demais unidades da AGTIC, al\u00e9m de coordenar e executar a gest\u00e3o patrimonial e de almoxarifados da Ag\u00eancia.<\/p>\n\n\n\n<p><strong><span style=\"text-decoration: underline\">Contato<\/span><\/strong>: <a href=\"mailto:sad.agtic@ufpr.br\" target=\"_blank\" rel=\"noopener\" title=\"\">sad.agtic@ufpr.br<\/a><\/p>\n\n\n\n<hr class=\"wp-block-separator has-alpha-channel-opacity is-style-wide\" \/>\n\n\n\n<p><strong><span style=\"text-decoration: underline\">CSA &#8211; Se\u00e7\u00e3o de Central de Servi\u00e7os e Atendimento em TIC<\/span><\/strong><\/p>\n\n\n\n<p><strong>A&nbsp; CSA<\/strong>&nbsp; \u00e9 respons\u00e1vel por prestar atendimento e suporte t\u00e9cnico aos usu\u00e1rios de TIC da UFPR.<\/p>\n\n\n\n<p><strong><span style=\"text-decoration: underline\">Contato<\/span><\/strong>: <a href=\"mailto:suporte@ufpr.br\" target=\"_blank\" rel=\"noopener\" title=\"\">suporte@ufpr.br<\/a><\/p>\n<\/div>\n<\/div>\n\n\n\n<div class=\"wp-block-columns is-layout-flex wp-container-core-columns-is-layout-2 wp-block-columns-is-layout-flex\">\n<div class=\"wp-block-column has-background is-layout-flow wp-block-column-is-layout-flow\" style=\"background-color:#d7fbed\">\n<p><strong><span style=\"text-decoration: underline\">CSGD &#8211; Coordenadoria de Software e Gest\u00e3o de Dados<\/span><\/strong><\/p>\n\n\n\n<p>A&nbsp;<strong>CSGD<\/strong>&nbsp;\u00e9 a unidade da AGTIC respons\u00e1vel por gerir a ado\u00e7\u00e3o, a aquisi\u00e7\u00e3o, o desenvolvimento, a integra\u00e7\u00e3o e a manuten\u00e7\u00e3o de solu\u00e7\u00f5es de softwares institucionais. Dentre as suas atribui\u00e7\u00f5es, destacam-se:<\/p>\n\n\n\n<p>\u279b Assessorar a Diretoria Executiva da AGTIC na especifica\u00e7\u00e3o e contrata\u00e7\u00e3o de solu\u00e7\u00f5es de software;<br>\u279b Gerenciar a oferta e a hospedagem de s\u00edtios\/p\u00e1ginas acad\u00eamicas e administrativas;<br>\u279b Garantir a adequada documenta\u00e7\u00e3o dos sistemas institucionais;<br>\u279b Coordenar o desenvolvimento e a manuten\u00e7\u00e3o do sistema acad\u00eamico institucional (SIGA);<br>\u279b Planejar, implementar, executar e avaliar a\u00e7\u00f5es de governan\u00e7a de dados e privacidade;<br>\u279b Promover, suportar e recomendar a adequa\u00e7\u00e3o da Universidade \u00e0s leis e regulamenta\u00e7\u00f5es vigentes que versam sobre transpar\u00eancia, prote\u00e7\u00e3o \u00e0 privacidade, acesso \u00e0 informa\u00e7\u00e3o no que diz respeito ao tratamento de dados institucionais e pessoais;<br>\u279b Zelar pelo cumprimento das estrat\u00e9gias decorrentes de pol\u00edticas do Governo Federal no que tange a solu\u00e7\u00f5es de software;<br>\u279b Propor tecnologias e arquiteturas de desenvolvimento e de banco de dados adequadas \u00e0s necessidades da UFPR, gerenciando os bancos de dados \u00e0 sua disposi\u00e7\u00e3o de forma centralizada e integrada, garantindo a efici\u00eancia de uso e a seguran\u00e7a dos dados armazenados;<br>\u279b Participar da elabora\u00e7\u00e3o do Plano-Diretor de Tecnologia da Informa\u00e7\u00e3o e Comunica\u00e7\u00e3o (PDTIC).<\/p>\n\n\n\n<p><strong><span style=\"text-decoration: underline\">Contato<\/span><\/strong>: <a href=\"mailto:csgd.agtic@ufpr.br\" target=\"_blank\" rel=\"noopener\" title=\"\">csgd.agtic@ufpr.br<\/a><\/p>\n<\/div>\n<\/div>\n\n\n\n<div class=\"wp-block-tb-tabs tb__tabs_accessible_tabs undefined\"><ul class=\"tb__tab-labels\" role=\"tablist\"><\/ul><div class=\"tb__tab-content\"><\/div><\/div>\n\n\n\n<div class=\"wp-block-columns is-layout-flex wp-container-core-columns-is-layout-4 wp-block-columns-is-layout-flex\">\n<div class=\"wp-block-column has-background is-layout-flow wp-block-column-is-layout-flow\" style=\"background-color:#ecf5fa\">\n<p><strong><span style=\"text-decoration: underline\">CSI &#8211; Coordenadoria de Servi\u00e7os e Infraestrutura de TIC<\/span><\/strong><\/p>\n\n\n\n<p><strong>A CSI<\/strong>&nbsp;\u00e9 respons\u00e1vel pela gest\u00e3o dos recursos de infraestrutura de TIC da UFPR, sendo de sua responsabilidade projetar, implantar e manter solu\u00e7\u00f5es e servi\u00e7os que atendam essa premissa. Apresenta como se\u00e7\u00f5es constituintes: Se\u00e7\u00e3o de Servi\u00e7os e Infraestrutura de TIC (SSI) \u2013 respons\u00e1vel por gerir a infraestrutura, servi\u00e7os e a opera\u00e7\u00e3o de redes de comunica\u00e7\u00f5es de TIC da UFPR \u2013 e a Se\u00e7\u00e3o de Ativos de TIC (SATIC) \u2013 respons\u00e1vel por gerir servi\u00e7os de manuten\u00e7\u00e3o de equipamentos de TIC.<\/p>\n\n\n\n<p><strong><span style=\"text-decoration: underline\">Contato<\/span><\/strong>: <a href=\"mailto:csi.agtic@ufpr.br\" target=\"_blank\" rel=\"noopener\" title=\"\">csi.agtic@ufpr.br<\/a><\/p>\n\n\n\n<div class=\"wp-block-columns is-layout-flex wp-container-core-columns-is-layout-3 wp-block-columns-is-layout-flex\">\n<div class=\"wp-block-column is-layout-flow wp-block-column-is-layout-flow\">\n<p><strong><span style=\"text-decoration: underline\">SSI &#8211; Se\u00e7\u00e3o de Servi\u00e7os e Infraestrutura de TIC<\/span><\/strong><\/p>\n\n\n\n<p>A SSI, subordinada \u00e0&nbsp;CSI, \u00e9 respons\u00e1vel por gerir a infraestrutura, servi\u00e7os e a opera\u00e7\u00e3o de redes de comunica\u00e7\u00f5es de TIC da UFPR.<\/p>\n\n\n\n<p><strong><span style=\"text-decoration: underline\">Contato<\/span><\/strong>: <a href=\"mailto:ssi.agtic@ufpr.br\" target=\"_blank\" rel=\"noopener\" title=\"\">ssi.agtic@ufpr.br<\/a><\/p>\n<\/div>\n\n\n\n<div class=\"wp-block-column is-layout-flow wp-block-column-is-layout-flow\">\n<p><strong><span style=\"text-decoration: underline\">SATIC &#8211; Se\u00e7\u00e3o de Ativos de TIC<\/span><\/strong><\/p>\n\n\n\n<p>A SATIC, subordinada \u00e0 CSI, \u00e9 respons\u00e1vel por gerir servi\u00e7os de manuten\u00e7\u00e3o de equipamentos de TIC.<\/p>\n\n\n\n<p><strong><span style=\"text-decoration: underline\">Contato<\/span><\/strong>: <a href=\"mailto:satic.agtic@ufpr.br\" target=\"_blank\" rel=\"noopener\" title=\"\">satic.agtic@ufpr.br<\/a><\/p>\n<\/div>\n<\/div>\n<\/div>\n<\/div>\n","protected":false},"excerpt":{"rendered":"<p>Diretoria Executiva A&nbsp;Diretoria Executiva da AGTIC&nbsp;\u00e9 respons\u00e1vel por promover o planejamento, o desenvolvimento, a execu\u00e7\u00e3o, o monitoramento e o controle das atividades de TIC da UFPR, gerindo os recursos or\u00e7ament\u00e1rios e financeiros da Ag\u00eancia e representando-a tanto em comit\u00eas quanto em eventos, \u00f3rg\u00e3os e situa\u00e7\u00f5es que tenham a TIC como objeto principal. \u00c9 tamb\u00e9m de [&hellip;]<\/p>\n","protected":false},"author":53,"featured_media":0,"parent":0,"menu_order":0,"comment_status":"closed","ping_status":"closed","template":"","meta":{"footnotes":""},"class_list":["post-142","page","type-page","status-publish","hentry"],"_links":{"self":[{"href":"https:\/\/homologa.ufpr.br\/agtic\/wp-json\/wp\/v2\/pages\/142","targetHints":{"allow":["GET"]}}],"collection":[{"href":"https:\/\/homologa.ufpr.br\/agtic\/wp-json\/wp\/v2\/pages"}],"about":[{"href":"https:\/\/homologa.ufpr.br\/agtic\/wp-json\/wp\/v2\/types\/page"}],"author":[{"embeddable":true,"href":"https:\/\/homologa.ufpr.br\/agtic\/wp-json\/wp\/v2\/users\/53"}],"replies":[{"embeddable":true,"href":"https:\/\/homologa.ufpr.br\/agtic\/wp-json\/wp\/v2\/comments?post=142"}],"version-history":[{"count":18,"href":"https:\/\/homologa.ufpr.br\/agtic\/wp-json\/wp\/v2\/pages\/142\/revisions"}],"predecessor-version":[{"id":674,"href":"https:\/\/homologa.ufpr.br\/agtic\/wp-json\/wp\/v2\/pages\/142\/revisions\/674"}],"wp:attachment":[{"href":"https:\/\/homologa.ufpr.br\/agtic\/wp-json\/wp\/v2\/media?parent=142"}],"curies":[{"name":"wp","href":"https:\/\/api.w.org\/{rel}","templated":true}]}}